[INFO] cloning repository https://github.com/vamanocchio/ub_dev
[INFO] running `Command { std: "git" "-c" "credential.helper=" "-c" "credential.helper=/workspace/cargo-home/bin/git-credential-null" "clone" "--bare" "https://github.com/vamanocchio/ub_dev" "/workspace/cache/git-repos/https%3A%2F%2Fgithub.com%2Fvamanocchio%2Fub_dev", kill_on_drop: false }`
[INFO] [stderr] Cloning into bare repository '/workspace/cache/git-repos/https%3A%2F%2Fgithub.com%2Fvamanocchio%2Fub_dev'...
[INFO] running `Command { std: "git" "rev-parse" "HEAD", kill_on_drop: false }`
[INFO] [stdout] 95ebfd495b498a667f473dc898e058aca07a529d
[INFO] checking vamanocchio/ub_dev against master#cfbc6d4cf1acbac5c025acf8ed68929caa551df3 for pr-75494-beta
[INFO] running `Command { std: "git" "clone" "/workspace/cache/git-repos/https%3A%2F%2Fgithub.com%2Fvamanocchio%2Fub_dev" "/workspace/builds/worker-0/source", kill_on_drop: false }`
[INFO] [stderr] Cloning into '/workspace/builds/worker-0/source'...
[INFO] [stderr] done.
[INFO] validating manifest of git repo https://github.com/vamanocchio/ub_dev on toolchain cfbc6d4cf1acbac5c025acf8ed68929caa551df3
[INFO] running `Command { std: "/workspace/cargo-home/bin/cargo" "+cfbc6d4cf1acbac5c025acf8ed68929caa551df3" "read-manifest" "--manifest-path" "Cargo.toml", kill_on_drop: false }`
[INFO] started tweaking git repo https://github.com/vamanocchio/ub_dev
[INFO] finished tweaking git repo https://github.com/vamanocchio/ub_dev
[INFO] tweaked toml for git repo https://github.com/vamanocchio/ub_dev written to /workspace/builds/worker-0/source/Cargo.toml
[INFO] crate git repo https://github.com/vamanocchio/ub_dev already has a lockfile, it will not be regenerated
[INFO] running `Command { std: "/workspace/cargo-home/bin/cargo" "+cfbc6d4cf1acbac5c025acf8ed68929caa551df3" "fetch" "--locked" "--manifest-path" "Cargo.toml", kill_on_drop: false }`
[INFO] [stderr]     Blocking waiting for file lock on package cache
[INFO] [stderr]     Blocking waiting for file lock on package cache
[INFO] [stderr]  Downloading crates ...
[INFO] [stderr]   Downloaded piston2d-glium_graphics v0.50.0
[INFO] running `Command { std: "docker" "create" "-v" "/var/lib/crater-agent-workspace/builds/worker-0/target:/opt/rustwide/target:rw,Z" "-v" "/var/lib/crater-agent-workspace/builds/worker-0/source:/opt/rustwide/workdir:ro,Z" "-v" "/var/lib/crater-agent-workspace/cargo-home:/opt/rustwide/cargo-home:ro,Z" "-v" "/var/lib/crater-agent-workspace/rustup-home:/opt/rustwide/rustup-home:ro,Z" "-e" "SOURCE_DIR=/opt/rustwide/workdir" "-e" "CARGO_TARGET_DIR=/opt/rustwide/target" "-e" "CARGO_HOME=/opt/rustwide/cargo-home" "-e" "RUSTUP_HOME=/opt/rustwide/rustup-home" "-w" "/opt/rustwide/workdir" "-m" "1610612736" "--user" "0:0" "--network" "none" "rustops/crates-build-env@sha256:a636fd89d022f18117e1dc8fb37a0a009933cdbbe082814857f0e2024962d47c" "/opt/rustwide/cargo-home/bin/cargo" "+cfbc6d4cf1acbac5c025acf8ed68929caa551df3" "metadata" "--no-deps" "--format-version=1", kill_on_drop: false }`
[INFO] [stdout] 97d95eda1985f2f5a86645632fdeeb14903aabc6533883e8ca233224714865fa
[INFO] [stderr] WARNING: Your kernel does not support swap limit capabilities or the cgroup is not mounted. Memory limited without swap.
[INFO] running `Command { std: "docker" "start" "-a" "97d95eda1985f2f5a86645632fdeeb14903aabc6533883e8ca233224714865fa", kill_on_drop: false }`
[INFO] running `Command { std: "docker" "inspect" "97d95eda1985f2f5a86645632fdeeb14903aabc6533883e8ca233224714865fa", kill_on_drop: false }`
[INFO] running `Command { std: "docker" "rm" "-f" "97d95eda1985f2f5a86645632fdeeb14903aabc6533883e8ca233224714865fa", kill_on_drop: false }`
[INFO] [stdout] 97d95eda1985f2f5a86645632fdeeb14903aabc6533883e8ca233224714865fa
[INFO] running `Command { std: "docker" "create" "-v" "/var/lib/crater-agent-workspace/builds/worker-0/target:/opt/rustwide/target:rw,Z" "-v" "/var/lib/crater-agent-workspace/builds/worker-0/source:/opt/rustwide/workdir:ro,Z" "-v" "/var/lib/crater-agent-workspace/cargo-home:/opt/rustwide/cargo-home:ro,Z" "-v" "/var/lib/crater-agent-workspace/rustup-home:/opt/rustwide/rustup-home:ro,Z" "-e" "SOURCE_DIR=/opt/rustwide/workdir" "-e" "CARGO_TARGET_DIR=/opt/rustwide/target" "-e" "CARGO_INCREMENTAL=0" "-e" "RUST_BACKTRACE=full" "-e" "RUSTFLAGS=--cap-lints=forbid" "-e" "CARGO_HOME=/opt/rustwide/cargo-home" "-e" "RUSTUP_HOME=/opt/rustwide/rustup-home" "-w" "/opt/rustwide/workdir" "-m" "1610612736" "--user" "0:0" "--network" "none" "rustops/crates-build-env@sha256:a636fd89d022f18117e1dc8fb37a0a009933cdbbe082814857f0e2024962d47c" "/opt/rustwide/cargo-home/bin/cargo" "+cfbc6d4cf1acbac5c025acf8ed68929caa551df3" "check" "--frozen" "--all" "--all-targets" "--message-format=json", kill_on_drop: false }`
[INFO] [stdout] b76eac5561596fee9904c22bbcb259127e83d5e1a1473633ada265c88aa4705c
[INFO] [stderr] WARNING: Your kernel does not support swap limit capabilities or the cgroup is not mounted. Memory limited without swap.
[INFO] running `Command { std: "docker" "start" "-a" "b76eac5561596fee9904c22bbcb259127e83d5e1a1473633ada265c88aa4705c", kill_on_drop: false }`
[INFO] [stderr]     Checking libc v0.2.42
[INFO] [stderr]    Compiling bitflags v1.0.3
[INFO] [stderr]     Checking lazy_static v1.0.1
[INFO] [stderr]    Compiling num-traits v0.2.5
[INFO] [stderr]    Compiling khronos_api v2.2.0
[INFO] [stderr]     Checking token_store v0.1.2
[INFO] [stderr]    Compiling serde v1.0.66
[INFO] [stderr]     Checking piston-float v0.3.0
[INFO] [stderr]     Checking remove_dir_all v0.5.1
[INFO] [stderr]    Compiling num-integer v0.1.39
[INFO] [stderr]     Checking percent-encoding v1.0.1
[INFO] [stderr]     Checking shader_version v0.3.0
[INFO] [stderr]    Compiling num-iter v0.1.37
[INFO] [stderr]     Checking color_quant v1.0.1
[INFO] [stderr]     Checking lzw v0.10.0
[INFO] [stderr]     Checking bitflags v0.7.0
[INFO] [stderr]     Checking read_color v1.0.0
[INFO] [stderr]     Checking piston-texture v0.6.0
[INFO] [stderr]     Checking interpolation v0.1.0
[INFO] [stderr]     Checking scoped_threadpool v0.1.9
[INFO] [stderr]     Checking piston-shaders_graphics2d v0.3.1
[INFO] [stderr]     Checking base64 v0.1.1
[INFO] [stderr]     Checking find_folder v0.3.0
[INFO] [stderr]    Compiling libloading v0.5.0
[INFO] [stderr]    Compiling backtrace-sys v0.1.23
[INFO] [stderr]    Compiling miniz-sys v0.1.10
[INFO] [stderr]    Compiling proc-macro2 v0.4.6
[INFO] [stderr]    Compiling x11-dl v2.18.0
[INFO] [stderr]    Compiling log v0.4.2
[INFO] [stderr]     Checking stb_truetype v0.2.2
[INFO] [stderr]     Checking arrayvec v0.4.7
[INFO] [stderr]     Checking unreachable v0.1.1
[INFO] [stderr]     Checking deflate v0.7.18
[INFO] [stderr]     Checking inflate v0.4.2
[INFO] [stderr]    Compiling xml-rs v0.7.0
[INFO] [stderr]     Checking xml-rs v0.3.6
[INFO] [stderr]     Checking piston-viewport v0.3.0
[INFO] [stderr]     Checking vecmath v0.3.1
[INFO] [stderr]     Checking gif v0.10.0
[INFO] [stderr]    Compiling quote v0.6.3
[INFO] [stderr]     Checking rand v0.4.2
[INFO] [stderr]     Checking memmap v0.6.2
[INFO] [stderr]     Checking num_cpus v1.8.0
[INFO] [stderr]     Checking shared_library v0.1.8
[INFO] [stderr]     Checking crossbeam-epoch v0.3.1
[INFO] [stderr]    Compiling syn v0.14.2
[INFO] [stderr]     Checking osmesa-sys v0.1.2
[INFO] [stderr]     Checking dlib v0.4.1
[INFO] [stderr]    Compiling wayland-scanner v0.12.5
[INFO] [stderr]    Compiling gl_generator v0.9.0
[INFO] [stderr]     Checking crossbeam-deque v0.2.0
[INFO] [stderr]     Checking wayland-sys v0.12.5
[INFO] [stderr]     Checking flate2 v1.0.1
[INFO] [stderr]     Checking backtrace v0.3.8
[INFO] [stderr]     Checking tempfile v3.0.2
[INFO] [stderr]     Checking rayon-core v1.4.0
[INFO] [stderr]     Checking num-traits v0.1.43
[INFO] [stderr]     Checking tiled v0.7.4
[INFO] [stderr]     Checking ordered-float v0.5.0
[INFO] [stderr]    Compiling wayland-client v0.12.5
[INFO] [stderr]    Compiling wayland-protocols v0.12.5
[INFO] [stderr]     Checking rusttype v0.4.3
[INFO] [stderr]     Checking num-rational v0.1.42
[INFO] [stderr]     Checking rayon v1.0.1
[INFO] [stderr]     Checking png v0.12.0
[INFO] [stderr]    Compiling glutin v0.14.0
[INFO] [stderr]    Compiling gl v0.10.0
[INFO] [stderr]    Compiling glium v0.21.0
[INFO] [stderr]     Checking piston2d-graphics v0.26.0
[INFO] [stderr]     Checking wayland-kbd v0.13.1
[INFO] [stderr]     Checking jpeg-decoder v0.1.15
[INFO] [stderr]    Compiling serde_derive v1.0.66
[INFO] [stderr]    Compiling num-derive v0.2.2
[INFO] [stderr]     Checking image v0.19.0
[INFO] [stderr]     Checking serde_json v1.0.21
[INFO] [stderr]     Checking wayland-window v0.13.3
[INFO] [stderr]     Checking winit v0.12.0
[INFO] [stderr]     Checking pistoncore-input v0.21.0
[INFO] [stderr]     Checking pistoncore-window v0.32.0
[INFO] [stderr]     Checking pistoncore-event_loop v0.37.0
[INFO] [stderr]     Checking pistoncore-glutin_window v0.47.0
[INFO] [stderr]     Checking piston v0.37.0
[INFO] [stderr]     Checking piston2d-glium_graphics v0.50.0
[INFO] [stderr]     Checking ub_dev v0.1.0 (/opt/rustwide/workdir)
[INFO] [stdout] warning: unused imports: `Flip`, `Glium2d`, `GliumWindow`, `OpenGL`, `TextureSettings`, `Texture`
[INFO] [stdout]   --> src/main.rs:10:22
[INFO] [stdout]    |
[INFO] [stdout] 10 | use glium_graphics::{Flip, Glium2d, GliumWindow, OpenGL, Texture, TextureSettings};
[INFO] [stdout]    |                      ^^^^  ^^^^^^^  ^^^^^^^^^^^  ^^^^^^  ^^^^^^^  ^^^^^^^^^^^^^^^
[INFO] [stdout]    |
[INFO] [stdout]    = note: `#[warn(unused_imports)]` on by default
[INFO] [stdout] 
[INFO] [stdout] 
[INFO] [stdout] warning: unused import: `graphics::Transformed`
[INFO] [stdout]   --> src/main.rs:11:5
[INFO] [stdout]    |
[INFO] [stdout] 11 | use graphics::Transformed;
[INFO] [stdout]    |     ^^^^^^^^^^^^^^^^^^^^^
[INFO] [stdout] 
[INFO] [stdout] 
[INFO] [stdout] warning: use of deprecated item 'std::mem::uninitialized': use `mem::MaybeUninit` instead
[INFO] [stdout]   --> src/main.rs:35:5
[INFO] [stdout]    |
[INFO] [stdout] 35 |     implement_vertex!(Vertex, position, tex_coords);
[INFO] [stdout]    |     ^^^^^^^^^^^^^^^^^^^^^^^^^^^^^^^^^^^^^^^^^^^^^^^^
[INFO] [stdout]    |
[INFO] [stdout]    = note: `#[warn(deprecated)]` on by default
[INFO] [stdout]    = note: this warning originates in a macro (in Nightly builds, run with -Z macro-backtrace for more info)
[INFO] [stdout] 
[INFO] [stdout] 
[INFO] [stdout] warning: use of deprecated item 'std::mem::uninitialized': use `mem::MaybeUninit` instead
[INFO] [stdout]   --> src/main.rs:35:5
[INFO] [stdout]    |
[INFO] [stdout] 35 |     implement_vertex!(Vertex, position, tex_coords);
[INFO] [stdout]    |     ^^^^^^^^^^^^^^^^^^^^^^^^^^^^^^^^^^^^^^^^^^^^^^^^
[INFO] [stdout]    |
[INFO] [stdout]    = note: this warning originates in a macro (in Nightly builds, run with -Z macro-backtrace for more info)
[INFO] [stdout] 
[INFO] [stdout] 
[INFO] [stdout] warning: unused imports: `Flip`, `Glium2d`, `GliumWindow`, `OpenGL`, `TextureSettings`, `Texture`
[INFO] [stdout]   --> src/main.rs:10:22
[INFO] [stdout]    |
[INFO] [stdout] 10 | use glium_graphics::{Flip, Glium2d, GliumWindow, OpenGL, Texture, TextureSettings};
[INFO] [stdout]    |                      ^^^^  ^^^^^^^  ^^^^^^^^^^^  ^^^^^^  ^^^^^^^  ^^^^^^^^^^^^^^^
[INFO] [stdout]    |
[INFO] [stdout]    = note: `#[warn(unused_imports)]` on by default
[INFO] [stdout] 
[INFO] [stdout] 
[INFO] [stdout] warning: unused import: `graphics::Transformed`
[INFO] [stdout]   --> src/main.rs:11:5
[INFO] [stdout]    |
[INFO] [stdout] 11 | use graphics::Transformed;
[INFO] [stdout]    |     ^^^^^^^^^^^^^^^^^^^^^
[INFO] [stdout] 
[INFO] [stdout] 
[INFO] [stdout] warning: use of deprecated item 'std::mem::uninitialized': use `mem::MaybeUninit` instead
[INFO] [stdout]   --> src/main.rs:35:5
[INFO] [stdout]    |
[INFO] [stdout] 35 |     implement_vertex!(Vertex, position, tex_coords);
[INFO] [stdout]    |     ^^^^^^^^^^^^^^^^^^^^^^^^^^^^^^^^^^^^^^^^^^^^^^^^
[INFO] [stdout]    |
[INFO] [stdout]    = note: `#[warn(deprecated)]` on by default
[INFO] [stdout]    = note: this warning originates in a macro (in Nightly builds, run with -Z macro-backtrace for more info)
[INFO] [stdout] 
[INFO] [stdout] 
[INFO] [stdout] warning: use of deprecated item 'std::mem::uninitialized': use `mem::MaybeUninit` instead
[INFO] [stdout]   --> src/main.rs:35:5
[INFO] [stdout]    |
[INFO] [stdout] 35 |     implement_vertex!(Vertex, position, tex_coords);
[INFO] [stdout]    |     ^^^^^^^^^^^^^^^^^^^^^^^^^^^^^^^^^^^^^^^^^^^^^^^^
[INFO] [stdout]    |
[INFO] [stdout]    = note: this warning originates in a macro (in Nightly builds, run with -Z macro-backtrace for more info)
[INFO] [stdout] 
[INFO] [stdout] 
[INFO] [stdout] error[E0277]: the trait bound `main::Vertex: glium::index::Index` is not satisfied
[INFO] [stdout]   --> src/main.rs:60:97
[INFO] [stdout]    |
[INFO] [stdout] 60 |     let indices = glium::IndexBuffer::new(&display, glium::index::PrimitiveType::TrianglesList, &edges).unwrap();
[INFO] [stdout]    |                                                                                                 ^^^^^^ the trait `glium::index::Index` is not implemented for `main::Vertex`
[INFO] [stdout]    |
[INFO] [stdout]    = note: required by `glium::IndexBuffer::<T>::new`
[INFO] [stdout] 
[INFO] [stdout] 
[INFO] [stdout] error[E0277]: the trait bound `main::Vertex: glium::index::Index` is not satisfied
[INFO] [stdout]   --> src/main.rs:60:19
[INFO] [stdout]    |
[INFO] [stdout] 60 |     let indices = glium::IndexBuffer::new(&display, glium::index::PrimitiveType::TrianglesList, &edges).unwrap();
[INFO] [stdout]    |                   ^^^^^^^^^^^^^^^^^^^^^^^^^^^^^^^^^^^^^^^^^^^^^^^^^^^^^^^^^^^^^^^^^^^^^^^^^^^^^^^^^^^^^ the trait `glium::index::Index` is not implemented for `main::Vertex`
[INFO] [stdout]    | 
[INFO] [stdout]   ::: /opt/rustwide/cargo-home/registry/src/github.com-1ecc6299db9ec823/glium-0.21.0/src/index/buffer.rs:68:36
[INFO] [stdout]    |
[INFO] [stdout] 68 | pub struct IndexBuffer<T> where T: Index {
[INFO] [stdout]    |                                    ----- required by this bound in `glium::IndexBuffer`
[INFO] [stdout] 
[INFO] [stdout] 
[INFO] [stdout] error[E0277]: the trait bound `main::Vertex: glium::index::Index` is not satisfied
[INFO] [stdout]    --> src/main.rs:115:5
[INFO] [stdout]     |
[INFO] [stdout] 115 |     target.draw(&vertex_buffer, &indices, &program, &uniforms, &Default::default()).unwrap();
[INFO] [stdout]     |     ^^^^^^^^^^^^^^^^^^^^^^^^^^^^^^^^^^^^^^^^^^^^^^^^^^^^^^^^^^^^^^^^^^^^^^^^^^^^^^^ the trait `glium::index::Index` is not implemented for `main::Vertex`
[INFO] [stdout]     | 
[INFO] [stdout]    ::: /opt/rustwide/cargo-home/registry/src/github.com-1ecc6299db9ec823/glium-0.21.0/src/index/buffer.rs:68:36
[INFO] [stdout]     |
[INFO] [stdout] 68  | pub struct IndexBuffer<T> where T: Index {
[INFO] [stdout]     |                                    ----- required by this bound in `glium::IndexBuffer`
[INFO] [stdout] 
[INFO] [stdout] 
[INFO] [stdout] error: aborting due to 3 previous errors; 4 warnings emitted
[INFO] [stdout] 
[INFO] [stdout] 
[INFO] [stdout] For more information about this error, try `rustc --explain E0277`.
[INFO] [stdout] 
[INFO] [stderr] error: could not compile `ub_dev`.
[INFO] [stderr] 
[INFO] [stderr] To learn more, run the command again with --verbose.
[INFO] [stderr] warning: build failed, waiting for other jobs to finish...
[INFO] [stdout] error[E0277]: the trait bound `main::Vertex: glium::index::Index` is not satisfied
[INFO] [stdout]   --> src/main.rs:60:97
[INFO] [stdout]    |
[INFO] [stdout] 60 |     let indices = glium::IndexBuffer::new(&display, glium::index::PrimitiveType::TrianglesList, &edges).unwrap();
[INFO] [stdout]    |                                                                                                 ^^^^^^ the trait `glium::index::Index` is not implemented for `main::Vertex`
[INFO] [stdout]    |
[INFO] [stdout]    = note: required by `glium::IndexBuffer::<T>::new`
[INFO] [stdout] 
[INFO] [stdout] 
[INFO] [stdout] error[E0277]: the trait bound `main::Vertex: glium::index::Index` is not satisfied
[INFO] [stdout]   --> src/main.rs:60:19
[INFO] [stdout]    |
[INFO] [stdout] 60 |     let indices = glium::IndexBuffer::new(&display, glium::index::PrimitiveType::TrianglesList, &edges).unwrap();
[INFO] [stdout]    |                   ^^^^^^^^^^^^^^^^^^^^^^^^^^^^^^^^^^^^^^^^^^^^^^^^^^^^^^^^^^^^^^^^^^^^^^^^^^^^^^^^^^^^^ the trait `glium::index::Index` is not implemented for `main::Vertex`
[INFO] [stdout]    | 
[INFO] [stdout]   ::: /opt/rustwide/cargo-home/registry/src/github.com-1ecc6299db9ec823/glium-0.21.0/src/index/buffer.rs:68:36
[INFO] [stdout]    |
[INFO] [stdout] 68 | pub struct IndexBuffer<T> where T: Index {
[INFO] [stdout]    |                                    ----- required by this bound in `glium::IndexBuffer`
[INFO] [stdout] 
[INFO] [stdout] 
[INFO] [stdout] error[E0277]: the trait bound `main::Vertex: glium::index::Index` is not satisfied
[INFO] [stdout]    --> src/main.rs:115:5
[INFO] [stdout]     |
[INFO] [stdout] 115 |     target.draw(&vertex_buffer, &indices, &program, &uniforms, &Default::default()).unwrap();
[INFO] [stdout]     |     ^^^^^^^^^^^^^^^^^^^^^^^^^^^^^^^^^^^^^^^^^^^^^^^^^^^^^^^^^^^^^^^^^^^^^^^^^^^^^^^ the trait `glium::index::Index` is not implemented for `main::Vertex`
[INFO] [stdout]     | 
[INFO] [stdout]    ::: /opt/rustwide/cargo-home/registry/src/github.com-1ecc6299db9ec823/glium-0.21.0/src/index/buffer.rs:68:36
[INFO] [stdout]     |
[INFO] [stdout] 68  | pub struct IndexBuffer<T> where T: Index {
[INFO] [stdout]     |                                    ----- required by this bound in `glium::IndexBuffer`
[INFO] [stdout] 
[INFO] [stdout] 
[INFO] [stdout] error: aborting due to 3 previous errors; 4 warnings emitted
[INFO] [stdout] 
[INFO] [stdout] 
[INFO] [stdout] For more information about this error, try `rustc --explain E0277`.
[INFO] [stdout] 
[INFO] [stderr] error: build failed
[INFO] running `Command { std: "docker" "inspect" "b76eac5561596fee9904c22bbcb259127e83d5e1a1473633ada265c88aa4705c", kill_on_drop: false }`
[INFO] running `Command { std: "docker" "rm" "-f" "b76eac5561596fee9904c22bbcb259127e83d5e1a1473633ada265c88aa4705c", kill_on_drop: false }`
[INFO] [stdout] b76eac5561596fee9904c22bbcb259127e83d5e1a1473633ada265c88aa4705c
